of 34985728.
2, 17, 8039
List the prime factors of 183259623.
3, 61086541
List the prime factors of 561748603.
13, 43, 1004917
List the prime factors of 5580022578.
2, 3, 13, 71538751
What are the prime factors of 3227633749?
619, 5214271
What are the prime factors of 342786414?
2, 3, 419, 136351
List the prime factors of 168059267.
223, 283, 2663
What are the prime factors of 25099069?
151, 166219
What are the prime factors of 14753743?
3617, 4079
List the prime factors of 827214620.
2, 5, 41360731
List the prime factors of 87573823.
29, 3019787
List the prime factors of 27592258.
2, 17, 103, 7879
List the prime factors of 198847708.
2, 17, 2924231
List the prime factors of 33847434.
2, 3, 1880413
What are the prime factors of 1214430875?
5, 7, 1387921
List the prime factors of 225930145.
5, 7, 547, 11801
List the prime factors of 568626422.
2, 7, 13, 3124321
What are the prime factors of 3220339693?
3220339693
List the prime factors of 1962359680.
2, 5, 3066187
What are the prime factors of 4412456?
2, 551557
What are the prime factors of 1423124217?
3, 158124913
List the prime factors of 87965678.
2, 227, 193757
What are the prime factors of 1387411861?
11, 149, 846499
What are the prime factors of 1346294276?
2, 977, 344497
What are the prime factors of 27382852?
2, 7, 17, 57527
What are the prime factors of 32098225?
5, 23, 55823
What are the prime factors of 13554138?
2, 3, 13, 13367
List the prime factors of 190362287.
109, 1746443
List the prime factors of 24713627.
24713627
List the prime factors of 458374371.
3, 7, 13, 131, 1831
List the prime factors of 7837807162.
2, 37, 53, 61, 181
What are the prime factors of 81900487?
81900487
What are the prime factors of 137113187?
5449, 25163
What are the prime factors of 150630435?
3, 5, 371927
What are the prime factors of 8204977333?
7, 167448517
What are the prime factors of 732297180?
2, 3, 5, 12204953
What are the prime factors of 2526728058?
2, 3, 7499, 18719
List the prime factors of 73628870.
2, 5, 7, 17, 8839
What are the prime factors of 1725888801?
3, 7, 13, 89, 251, 283
What are the prime factors of 1887593885?
5, 83, 4548419
What are the prime factors of 43590872?
2, 13, 41, 10223
List the prime factors of 194414069.
194414069
What are the prime factors of 272339514?
2, 3, 15129973
List the prime factors of 5183496006.
2, 3, 13, 71, 71999
List the prime factors of 160099281.
3, 83, 199, 359
List the prime factors of 375167150.
2, 5, 7503343
List the prime factors of 87852566.
2, 17, 61, 42359
List the prime factors of 620925833.
11, 17, 19, 174761
What are the prime factors of 2321127032?
2, 7, 107, 387371
What are the prime factors of 26360719?
7, 11, 342347
List the prime factors of 3636546267.
3, 1597, 759037
What are the prime factors of 173316076?
2, 43329019
List the prime factors of 46901659.
7, 6700237
List the prime factors of 1552838.
2, 7, 110917
List the prime factors of 406070053.
406070053
What are the prime factors of 128122865?
5, 13, 149, 13229
List the prime factors of 169878819.
3, 11, 5147843
What are the prime factors of 59851366?
2, 29925683
List the prime factors of 127657715.
5, 191, 133673
What are the prime factors of 35728062?
2, 3, 23, 199, 1301
List the prime factors of 4425277849.
15259, 290011
List the prime factors of 629101354.
2, 7, 17, 2643283
List the prime factors of 174992107.
3677, 47591
List the prime factors of 291425663.
23, 41, 43, 7187
What are the prime factors of 50042733?
3, 13, 23, 47, 1187
List the prime factors of 330612500.
2, 5, 26449
List the prime factors of 62261584.
2, 7, 11, 97, 521
What are the prime factors of 4668741974?
2, 13, 863, 208073
What are the prime factors of 550129809?
3, 17, 661, 16319
What are the prime factors of 371219814?
2, 3, 7, 982063
List the prime factors of 3593678727.
3, 53, 4349, 5197
What are the prime factors of 34506644?
2, 37, 107, 2179
List the prime factors of 32479362.
2, 3, 29, 43, 1447
What are the prime factors of 1591417510?
2, 5, 1627, 97813
What are the prime factors of 153796315?
5, 30759263
What are the prime factors of 25390270?
2, 5, 19, 133633
What are the prime factors of 828623198?
2, 13, 1997, 15959
List the prime factors of 1324239233.
1324239233
What are the prime factors of 33949296?
2, 3, 281, 839
List the prime factors of 1743892809.
3, 151, 3849653
What are the prime factors of 144228158?
2, 53, 991, 1373
List the prime factors of 12395681.
12395681
What are the prime factors of 434413965?
3, 5, 28960931
List the prime factors of 753013706.
2, 376506853
What are the prime factors of 2047288979?
2047288979
List the prime factors of 24252409.
24252409
What are the prime factors of 73696717?
17, 67, 89, 727
List the prime factors of 339606579.
3, 13, 8707861
List the prime factors of 3789667348.
2, 89, 10645133
List the prime factors of 877667147.
7, 125381021
What are the prime factors of 539647050?
2, 3, 5, 89, 40423
List the prime factors of 253009268.
2, 157, 402881
What are the prime factors of 2444451606?
2, 3, 135802867
What are the prime factors of 9928408?
2, 7, 17, 10429
What are the prime factors of 2931158905?
5, 29, 53, 381413
What are the prime factors of 220665351?
3, 107, 687431
What are the prime factors of 90789121?
1447, 62743
What are the prime factors of 35189647?
35189647
What are the prime factors of 145610453?
127, 1146539
List the prime factors of 105195391.
7, 2719, 5527
What are the prime factors of 3632170213?
7, 59, 1427, 6163
List the prime factors of 845661764.
2, 7573, 27917
List the prime factors of 172203753.
3, 1409, 40739
What are the prime factors of 11356900?
2, 5, 337
What are the prime factors of 5585487844?
2, 6673, 209257
List the prime factors of 114157643.
19, 307, 19571
What are the prime factors of 1174567398?
2, 3, 59, 1049, 3163
List the prime factors of 4051168120.
2, 5, 109, 823, 1129
What are the prime factors of 465023008?
2, 61, 238229
List the prime factors of 320139935.
5, 139, 460633
List the prime factors of 3204241705.
5, 7, 2729, 33547
List the prime factors of 3417914131.
509, 821, 8179
What are the prime factors of 1387096608?
2, 3, 59, 244897
What are the prime factors of 120163689?
3, 4450507
List the prime factors of 1835648797.
17, 2143, 50387
List the prime factors of 1236579859.
21977, 56267
List the prime factors of 360391299.
3, 43, 2793731
What are the prime factors of 1210942069?
1210942069
List the prime factors of 534355297.
7, 19, 23, 307, 569
What are the prime factors of 2835334?
2, 43, 32969
What are the prime factors of 1463816070?
2, 3, 5, 5421541
List the prime factors of 5540864469.
3, 7, 73, 1019, 3547
What are the prime factors of 1611390097?
23, 79, 127, 6983
List the prime factors of 752257002.
2, 3, 7, 61, 293621
List the prime factors of 165390550.
2, 5, 13, 254447
List the prime factors of 18619497.
3, 13, 53047
List the prime factors of 429816350.
2, 5, 293, 29339
List the prime factors of 1299779240.
2, 5, 32494481
What are the prime factors of 428105310?
2, 3, 5, 149, 95773
What are the prime factors of 1237389559?
7, 176769937
What are the prime factors of 1632857980?
2, 5, 13, 353, 17791
List the prime factors of 77955673.
77955673
List the prime factors of 50425853.
2131, 23663
List the prime factors of 4308978666.
2, 3, 1327, 541193
List the prime factors of 35180793.
3, 977, 4001
List the prime factors of 255710408.
2, 31963801
What are the prime factors of 88605634?
2, 13, 3407909
List the prime factors of 1499982602.
2, 29, 25861769
What are the prime factors of 238562848?
2, 173, 43093
List the prime factors of 1699736299.
109, 15593911
What are the prime factors of 77345649?
3, 8593961
List the prime factors of 196348332.
2, 3, 23, 337, 2111
What are the prime factors of 49680226?
2, 1327, 18719
List the prime factors of 49568475.
3, 5, 11, 60083
List the prime factors of 2047231107.
3, 107, 2125889
What are the prime factors of 108554277?
3, 13, 19, 59, 191
List the prime factors of 126312139.
29, 83, 97, 541
List the prime factors of 101405682.
2, 3, 7, 223, 401
What are the prime factors of 5919257592?
2, 3, 947, 86813
What are the prime factors of 1687138749?
3, 7643, 24527
List the prime factors of 1732527618.
2, 3, 288754603
What are the prime factors of 71762697